- 6*r + 2. What is j(2)?
-22
Let y(q) = -3*q**2 + 5*q - 5. Determine y(4).
-33
Let q(f) = -f**2 - 20*f - 8. Determine q(-16).
56
Let v(s) = -161*s - 147. Determine v(-1).
14
Let o(m) = m**3 + 14*m**2 + 30*m - 18. What is o(-11)?
15
Let r(b) = -b**3 + 4*b**2 + 2*b - 3. Calculate r(3).
12
Let z(u) = -u**2 - 17*u + 47. Determine z(-18).
29
Let d(t) = -t**3 - 9*t**2 - 10*t. What is d(-8)?
16
Let s(p) = p**2 - 11*p + 1. Calculate s(11).
1
Let f(x) = x**3 - 17*x**2 - 17*x - 9. Calculate f(18).
9
Let a(n) = -n**2 - n - 3. Calculate a(-6).
-33
Let d(h) = -h**3 + 5*h**2 + h - 3. Give d(4).
17
Let u(d) = -4*d + 17. Give u(11).
-27
Let h(k) = -2*k + 21. Calculate h(14).
-7
Let o(n) = 3*n + 17. Calculate o(4).
29
Let a(i) = i**2 + 18*i - 69. Calculate a(-21).
-6
Let d(x) = -2*x + 13. Determine d(4).
5
Let s(b) = b**3 - 14*b**2 - 19*b + 66. Calculate s(15).
6
Let s(k) = -k**3 + 8*k**2 - 8*k. Calculate s(7).
-7
Let l(p) = -p**2 + 16*p - 33. What is l(10)?
27
Let a(p) = -p**3 + 3*p**2 + 2*p + 8. Determine a(5).
-32
Let c(k) = -k**3 + 6*k**2 + 5*k - 1. What is c(7)?
-15
Let b(f) = -18*f - 14. What is b(6)?
-122
Let i(t) = t**3 - 28*t**2 - 31*t - 28. Calculate i(29).
-86
Let c(p) = 8*p + 1. Determine c(-1).
-7
Let q(s) = -3*s**3 + 3*s**2 - 6*s + 15. Determine q(4).
-153
Let r(f) = -f**3 + 10*f**2 - 8*f + 17. What is r(9)?
26
Let y(g) = 34*g - 2. Calculate y(-1).
-36
Let f(r) = 2*r - 2. Give f(-2).
-6
Let m(i) = 2*i**2 + 93*i + 494. Determine m(-6).
8
Let r(w) = -w**3 + 8*w**2 + 7*w - 5. What is r(9)?
-23
Let b(a) = -a**3 - 19*a**2 - 20*a - 37. Calculate b(-18).
-1
Let c(a) = a**3 - 43*a**2 - 43*a - 48. What is c(44)?
-4
Let p(c) = -c**2 + 11*c + 105. Determine p(-6).
3
Let o(b) = 5*b**2 + 9*b - 9. Determine o(1).
5
Let s(y) = -2*y + 7. What is s(10)?
-13
Let a(p) = 14*p - 54. Determine a(7).
44
Let r(z) = -z**2 + 16*z - 57. Give r(8).
7
Let s(k) = -2*k**2 - 11*k. What is s(-5)?
5
Let a(i) = -65*i + 1228. What is a(19)?
-7
Let r(f) = -f - 13. What is r(-3)?
-10
Let i(j) = -j**3 + 7*j**2 + 6*j - 1. What is i(7)?
41
Let m(q) = -q**2 + 15*q - 32. Calculate m(13).
-6
Let o(f) = 2*f + 24. What is o(-21)?
-18
Let d(j) = 5*j + 48. Determine d(-15).
-27
Let o(x) = x**3 + 4*x**2 - 7*x - 2. What is o(-5)?
8
Let v(q) = 2*q - 5. Calculate v(9).
13
Let r(p) = 11*p - 145. Calculate r(13).
-2
Let o(v) = v**3 + 9*v**2 + 21*v - 4. What is o(-6)?
-22
Let r(h) = -12*h**2 + h - 2. Calculate r(1).
-13
Let c(o) = -15*o + 502. Determine c(35).
-23
Let s(z) = -11*z. Determine s(-1).
11
Let x(v) = -v - 1. Calculate x(-10).
9
Let y(t) = 6*t**2 - 5*t + 7. Determine y(3).
46
Let y(b) = b + 5. Determine y(1).
6
Let g(i) = -i**3 + 8*i**2 + 8*i - 16. Give g(8).
48
Let l(d) = -d**3 + 5*d**2 + 8*d - 2. Determine l(6).
10
Let i(x) = -x**2 + 7*x - 6. Calculate i(5).
4
Let x(k) = k**3 - 3*k**2 - 6*k + 6. Calculate x(5).
26
Let i(u) = -u + 8. Determine i(5).
3
Let c(r) = -11*r - 160. Determine c(-19).
49
Let d(c) = c**3 + 10*c**2 + 17*c + 17. What is d(-8)?
9
Let m(x) = -2*x**3 + 14*x**2 + 18*x - 20. What is m(8)?
-4
Let i(x) = x**3 - 7*x**2 - 11*x + 24. Determine i(8).
0
Let t(p) = -2*p**2 + 2*p + 1. What is t(-1)?
-3
Let u(y) = -y**2 + 16*y + 95. Determine u(-5).
-10
Let a(f) = -37*f - 12. Calculate a(-5).
173
Let v(x) = x - 7. Give v(-6).
-13
Let y(x) = -x**3 + 21*x**2 - 39*x + 25. What is y(19)?
6
Let z(k) = -4*k**3 + k**2 - 3*k + 1. Calculate z(1).
-5
Let m(z) = z**3 - 9*z**2 - 8*z + 6. What is m(10)?
26
Let f(u) = 4*u**2 + u + 5. Calculate f(-3).
38
Let u(f) = -f**3 - 13*f - 6. Calculate u(0).
-6
Let l(g) = g**3 - 12*g**2 - g + 1. Calculate l(12).
-11
Let h(c) = c**3 - 145*c + 14. Determine h(12).
2
Let h(r) = 13*r**2 + r + 1. Give h(-1).
13
Let o(f) = f**2 - 9*f + 25. What is o(5)?
5
Let u(g) = -g**3 + 8*g**2 - 1. Determine u(8).
-1
Let l(y) = y**2 + 2*y - 5. Determine l(3).
10
Let r(c) = -c**2 + 14*c + 94. Calculate r(-5).
-1
Let d(t) = t**3 + 14*t**2 - 12. What is d(-14)?
-12
Let r(m) = -3*m**2 - 3*m. What is r(-4)?
-36
Let y(s) = -s**3 + 10*s**2 - 5*s - 8. Give y(10).
-58
Let q(p) = -11*p**2 + 35*p - 4. Calculate q(4).
-40
Let t(i) = 2*i**2 - 4*i + 1. Calculate t(-3).
31
Let o(w) = -w**2 - 6*w + 22. Give o(-9).
-5
Let k(g) = 2*g**3 + g**2 + g + 1. Give k(-1).
-1
Let m(s) = -s**2 - 2*s - 6. Give m(-9).
-69
Let h(k) = k**3 + 8*k**2 + k - 6. Calculate h(-6).
60
Let w(q) = 7*q**2 + 3*q - 3. Determine w(-3).
51
Let j(v) = 2*v**2 - 5*v - 9. Calculate j(4).
3
Let p(h) = h + 2. What is p(-3)?
-1
Let o(l) = l**3 - 4*l**2 - 3*l - 19. Give o(6).
35
Let o(z) = 6*z**2 + 5*z - 1. Determine o(2).
33
Let i(x) = x**3 + 20*x**2 + x + 9. Give i(-20).
-11
Let r(w) = w**2 - 8*w + 14. Calculate r(6).
2
Let x(d) = 51*d - 922. Give x(18).
-4
Let b(d) = -d - 3. What is b(8)?
-11
Let z(r) = r**2 + 9*r - 15. Give z(-9).
-15
Let z(t) = -3*t**2 - 28*t - 12. Calculate z(-9).
-3
Let n(b) = 5*b + 2. Determine n(4).
22
Let h(y) = y**2 - 4*y - 4. Give h(6).
8
Let t(i) = i**2 - 20*i + 15. What is t(18)?
-21
Let p(f) = -72*f + 498. Determine p(7).
-6
Let l(q) = -3*q**2 + 29*q - 21. Calculate l(8).
19
Let s(t) = -t**3 + 5*t**2 + 8*t - 26. Determine s(4).
22
Let g(u) = 3*u**2 - 16*u + 9. Give g(6).
21
Let h(g) = -7*g. Give h(-2).
14
Let u(b) = 2*b + 20. Give u(-14).
-8
Let x(t) = 3*t + 12. What is x(-2)?
6
Let p(b) = 3*b**2 - 28*b + 33. Determine p(10).
53
Let p(x) = x**3 + 2*x**2 - 2*x + 13. What is p(-3)?
10
Let h(t) = t - 1. Give h(3).
2
Let l(p) = -3*p**2 + 2*p - 2. Determine l(-4).
-58
Let j(t) = t - 6. Determine j(-6).
-12
Let i(z) = 24*z**3 + z**2 - 9*z + 7. Determine i(1).
23
Let i(c) = -c**3 + 3*c**2 - 5. Calculate i(0).
-5
Let l(w) = 2*w**2 - 18*w + 19. What is l(8)?
3
Let i(z) = -z**3 - z**2 - z + 4. Give i(3).
-35
Let j(p) = p**2 - 13*p - 1. What is j(13)?
-1
Let d(g) = -24*g + 74. What is d(9)?
-142
Let h(u) = -3*u + 30. Give h(12).
-6
Let c(r) = r**2 - 5*r - 40. Calculate c(-4).
-4
Let d(b) = -7*b**3 - 4*b**2 - 3*b - 3. Calculate d(-3).
159
Let n(x) = -x**2 - 2*x + 6. Determine n(-4).
-2
Let o(u) = 2*u**2 - 2*u - 74. Give o(7).
10
Let w(u) = -29*u + 63. What is w(2)?
5
Let t(b) = 12*b + 57. Give t(-5).
-3
Let q(l) = 15*l**3 - l**2 + 4*l + 4. What is q(-1)?
-16
Let k(o) = -4*o - 8. Give k(-21).
76
Let d(r) = 2*r**3 + 36*r**2 - 2*r - 22. Give d(-18).
14
Let v(h) = -3*h**3 + 14*h**2 + 2*h + 16. Determine v(5).
1
Let l(k) = 14*k - 98. Determine l(7).
0
Let n(t) = -8*t - 5. Give n(-1).
3
Let k(z) = -5*z**2 + 3*z - 4. Determine k(1).
-6
Let x(y) = -y**3 - 15*y**2 + y - 9. What is x(-15)?
-24
Let r(b) = -2*b + 24. Calculate r(9).
6
Let s(b) = 2*b**3 - 10*b**2 - 7*b - 8. Give s(6).
22
Let k(r) = -13*r - 22. Give k(-5).
43
Let h(t) = t**3 - 5*t**2 - 6*t + 8. Determine h(6).
8
Let p(m) = -m**3 + 6*m**2 + 14*m + 22. Calculate p(8).
6
Let l(w) = -w**3 + 2*w**2 + 3*w - 6. Determine l(2).
0
Let u(j) = 11*j**3 - 5*j**2 - 2*j + 1. Calculate u(1).
5
Let x(i) = -i**2 + 3*i + 9. Give x(-3).
-9
Let k(l) = 3*l + 10. Determine k(3).
19
Let k(u) = -6*u**2 - 82*u + 24. Calculate k(-14).
-4
Let z(s) = -s**2 - 11*s - 91. Calculate z(-6).
-61
Let w(h) = h**3 + 4*h**2. Give w(-5).
-25
Let b(n) = -5*n - 122. Determine b(0).
-122
Let q(o) = o**2 - 7*o + 6. What is q(3)?
-6
Let l(n) = n**3 - 7*n**2 + 2*n + 7. Determine l(6).
-17
Let g(s) = s**3 + 2*s**2 - 10*s - 21. Give g(-2).
-1
Let r(j) = -11*j + 44. Determine r(9).
-55
Let z(c) = 50*c. Calculate z(-1).
-50
Let r(w) = -10*w + 4. Calculate r(-3).
34
Let g(l) = -l**3 + 3*l**2 + 2*l + 9. What is g(4)?
1
Let b(z) = 7*z**2 + 62*z + 4. Determine b(-9).
13
Let x(i) = i**3 - 14*i**2 + 13*i - 10. Give x(13).
-10
Let v(m) = -m**2 + 10*m + 14. Give v(6).
38
Let u(x) = -42*x + 171. Give u(4).
3
Let n(m) = -m**2 - 13*m - 48. Calculate n(-13).
-48
Let r(m) = m**3 + 5*m**2 - 4*m. Calculate r(-6).
-12
Let g(l) = 2*l**2 + 8*l - 15. Calculate g(2).
9
Let l(g) = -g**2 + 26*g + 188. Determine l(-6).
-4
Let y(b) = -b - 38. Determine y(-20).
-18
Let u(y) = -4*y**2 + 2. Give u(-2).
-14
Let t(j) = -j**3 - 9*j**2 - 12*j - 11. Calculate t(-8).
21
Let r(j) = 5*j**2 - 2*j + 3. Give r(2).
19
Let l(i) = 2*i**3 - i**2 - i + 3. What is l(3)?
45
Let y(v) = -3*v - 31. What is y(-22)?
35
Let u(k) = -k**2 - 8*k + 2. Determine u(-10).
-18
Let k(i) = i**2 - 8*i - 3. Determine k(8).
-3
Let j(s) = 4*s + 36. Determine j(-9)